120
What is -2ca15 (base 14) in base 7?
-643525
Convert -111000001110010100000 (base 2) to base 10.
-1842336
-4f3a8 (base 16) to base 5
-40341040
Convert -110797 (base 12) to base 7.
-2205121
Convert 54421 (base 7) to base 4.
3110110
What is 12103410 (base 5) in base 16?
1b954
Convert -46165 (base 7) to base 3.
-121010111
Convert -999103 (base 14) to base 7.
-62202403
1813d (base 15) to base 10
77908
-1762550 (base 11) to base 3
-12121220121221
-2252354 (base 6) to base 4
-130103032
What is 1000111101101011101 (base 2) in base 4?
1013231131
Convert -1100100001000001011 (base 2) to base 14.
-a9667
Convert 332475 (base 8) to base 16.
1b53d
122476 (base 9) to base 5
4332042
What is -1000110101110011000 (base 2) in base 4?
-1012232120
What is -27e0 (base 15) in base 8?
-20527
Convert -1464928 (base 11) to base 13.
-69b651
Convert 59611a (base 12) to base 3.
2201020010011
Convert -510373 (base 8) to base 4.
-221003323
-6423270 (base 8) to base 9
-3201855
Convert -52b8095 (base 12) to base 4.
-323301211301
Convert 2304011 (base 5) to base 6.
514231
What is 69cda (base 16) in base 6?
13142202
What is -110000010011001100 (base 2) in base 4?
-300103030
What is -1443233413 (base 5) in base 7?
-45003321
Convert 232122231 (base 4) to base 13.
68700
543430 (base 7) to base 12
46ab1
101210122020121 (base 3) to base 11
3270877
-291b77 (base 12) to base 16
-a7e4b
-32706 (base 14) to base 8
-356402
What is 14a240 (base 11) in base 8?
707373
What is -2352212 (base 6) in base 13?
-44372
What is 740527 (base 14) in base 9?
7333421
1209b4 (base 12) to base 13
a2a33
Convert -13501512 (base 7) to base 12.
-509996
Convert -11423441 (base 6) to base 7.
-3032533
-211316 (base 7) to base 14
-d446
Convert -7511c (base 14) to base 13.
-9b990
17208 (base 11) to base 16
5e90
What is 5651644 (base 7) in base 6?
23012521
-4223511 (base 6) to base 3
-101110000221
Convert -231333 (base 6) to base 16.
-4d49
Convert 1d935 (base 15) to base 5.
11042300
-2104aa (base 14) to base 11
-6a1795
What is 55363132 (base 7) in base 12?
1721614
-1117565 (base 8) to base 7
-2401165
What is -22310121321 (base 4) in base 3?
-12100002101100
What is -1362056 (base 8) in base 4?
-1132100232
Convert 469863 (base 10) to base 16.
72b67
What is 2012143 (base 7) in base 6?
5040001
-12a906 (base 12) to base 2
-1001011011010010110
What is -1101000111010111010011 (base 2) in base 12?
-119972b
11301023 (base 5) to base 6
2114023
Convert 11541603 (base 7) to base 8.
3746317
What is -156052 (base 9) in base 16?
-17813
235315 (base 6) to base 11
14563
Convert 2100122211011 (base 3) to base 8.
4617234
What is 11463462 (base 7) in base 14?
1c92d9
What is 17cee (base 16) in base 10?
97518
Convert 1000203140 (base 5) to base 10.
1959795
What is 87183 (base 13) in base 10?
244143
Convert -2302130111 (base 5) to base 15.
-6b05a6
What is cda262 (base 14) in base 6?
405344234
Convert -316ba (base 13) to base 6.
-1524131
-408797 (base 12) to base 4
-3312221203
Convert -35bba (base 13) to base 9.
-160324
-285027 (base 9) to base 5
-21034011
Convert -20110001012 (base 3) to base 5.
-13030003
What is -22102200200110 (base 3) in base 12?
-1601679
Convert 3193092 (base 12) to base 11.
533a425
What is -3477233 (base 10) in base 15?
-48a458
What is -210c0 (base 14) in base 10?
-79744
4506f (base 16) to base 3
112100211200
Convert 112311101 (base 4) to base 12.
46155
Convert -5a7be (base 16) to base 6.
-11535502
Convert -1b05 (base 15) to base 8.
-13337
-224004224 (base 5) to base 16
-f4474
-2c212b (base 13) to base 15
-167e13
654125 (base 8) to base 11
13a782
What is 114030123 (base 5) in base 9?
1002323
Convert -85165 (base 10) to base 3.
-11022211021
What is -283401 (base 9) in base 3?
-22210110001
Convert -155202 (base 8) to base 11.
-39033
Convert 3212210133 (base 5) to base 11.
38a5633
-938959 (base 12) to base 2
-1000110101101001010101
What is 5e035 (base 15) in base 7?
2360606
What is -1775406 (base 8) in base 6?
-15113210
12413033 (base 5) to base 3
20020120121
23211001023 (base 4) to base 6
145015523
-2761696 (base 11) to base 3
-22221212011100
What is 1351571 (base 9) in base 5?
142230331
What is -5b6c (base 14) in base 16?
-3e64
What is -16796 (base 16) in base 11?
-63186
-34040534 (base 6) to base 3
-1221102101111
What is -3920532 (base 12) in base 14?
-16c8138
Convert 13201023 (base 9) to base 2.
11000110001111110001100
bb61 (base 14) to base 5
2014200
Convert -3a515 (base 15) to base 5.
-21434040
Convert -24030301 (base 6) to base 16.
-b739d
707eb (base 16) to base 4
1300133223
7162669 (base 10) to base 7
114611263
Convert -133a65a (base 11) to base 9.
-4314428
-2220100121122 (base 3) to base 4
-11320202030
Convert -101145044 (base 6) to base 2.
-110101000111000110100
70cb28 (base 14) to base 4
32133231100
516150 (base 8) to base 2
101001110001101000
What is 120114 (base 13) in base 9?
722833
What is 103323300110 (base 4) in base 9?
10744022
What is -115101155 (base 6) in base 13?
-5c0a08
-20022000022200 (base 3) to base 9
-6260280
Convert a01275 (base 11) to base 4.
12021212011
What is -114022000 (base 5) in base 8?
-2020416
What is -a38e8 (base 16) in base 4?
-2203203220
What is 10212201221012 (base 3) in base 12?
83504b
What is -14533414 (base 6) in base 15?
-a123a
2ed7c (base 15) to base 7
1200546
Convert 5104501 (base 6) to base 13.
86272
What is -10064ab (base 14) in base 12?
-263b533
Convert -117613 (base 8) to base 9.
-62021
3177223 (base 8) to base 6
30130335
-1000202111220 (base 3) to base 9
-1022456
What is ca58a (base 13) in base 9?
616530
-123324332 (base 5) to base 12
-25211b
Convert -2cd2d (base 15) to base 16.
-2354e
What is 6d3aa (base 15) in base 9?
580887
-15618 (base 11) to base 16
-5619
Convert -20323 (base 6) to base 16.
-a9b
What is -52864 (base 13) in base 3?
-21112212221
What is -137789 (base 10) in base 9?
-230008
Convert -1311311 (base 6) to base 3.
-10122020021
What is 1ce48 (base 15) in base 5?
11004333
Convert 715870 (base 10) to base 14.
148c58
Convert -10021133314 (base 5) to base 10.
-9942959
-55d51 (base 14) to base 13
-73b33
22214 (base 15) to base 12
52931
What is 25231000 (base 6) in base 4?
3012130020
2342002 (base 6) to base 16
1dd92
Convert -1011103312 (base 5) to base 15.
-2a7822
What is 6d0e8 (base 15) in base 8?
1247303
Convert 2321321 (base 5) to base 15.
c70b
What is -100001101001111001011 (base 2) in base 6?
-35345311
-1002231222 (base 4) to base 13
-974bb
-1027216 (base 8) to base 12
-112726
What is 2164389 (base 10) in base 11?
1249157
10100202020 (base 3) to base 7
363606
-3887a (base 13) to base 8
-314410
-a3195 (base 13) to base 6
-10134044
What is -10c8059 (base 13) in base 3?
-100202112111012
-210120200 (base 3) to base 16
-3d74
Convert b09733 (base 16) to base 14.
177381d
Convert -10001000111011110001 (base 2) to base 15.
-b12c1
Convert -53362 (base 12) to base 2.
-11010101100111010
-564451 (base 8) to base 4
-232210221
Convert 1154062 (base 7) to base 10.
147877
-275a2 (base 15) to base 5
-13014102
Convert 102214012 (base 5) to base 14.
b2613
What is -2302302231 (base 4) in base 2?
-10110010110010101101
Convert 4023002 (base 7) to base 9.
805475
Convert 1110122212 (base 3) to base 4.
13003301
-7bf7c (base 16) to base 9
-853471
-142130 (base 5) to base 6
-43215
Convert -139aa7 (base 14) to base 16.
-a5fc3
-2056622 (base 7) to base 3
-110200111002
What is -d7648 (base 15) in base 2?
-10100110110010100000
What is 6238c (base 16) in base 3?
202102212121
Convert -19826 (base 10) to base 8.
-46562
-400232201 (base 6) to base 16
-66d1e9
Convert 24309 (base 12) to base 14.
13b17
Convert 20e39 (base 16) to base 7.
1100515
Convert -11430013 (base 5) to base 11.
-74273
-110010001110001001100 (base 2) to base 14
-30ba20
11010211 (base 5) to base 2
10111000011011111
-110102020102121 (base 3) to base 14
-c3a9ac
What is 277838 (base 9) in base 14?
45c55
12722992 (base 10) to base 12
4316a14
110110001100011 (base 2) to base 3
1102001200
What is aa2878 (base 13) in base 5?
2011120020
What is -292a7 (base 16) in base 15?
-34e60
Convert -89c720 (base 13) to base 3.
-20010100222022
What is -6334c (base 15) in base 7?
-2450160
Convert 423320 (base 5) to base 9.
21438
What is 20021123132 (base 4) in base 8?
10113336
What is 1380637 (base 11) in base 10?
2372608
-223142 (bas